 v(-79).
-6
Let x(l) = -l**3 + 129*l**2 + 443*l - 6189. Give x(132).
15
Let r(u) = -279*u**2 + 12*u + 461. Determine r(4).
-3955
Let v(i) = -4*i**2 - 4009*i - 832908. Give v(-294).
-6
Let i(f) = -7*f**3 - 233*f**2 - 69*f - 111. What is i(-33)?
-12
Let u(d) = 56*d - 7199. Give u(140).
641
Let t(p) = p**3 + 21*p**2 + 218*p + 3583. Calculate t(-20).
-377
Let w(j) = -47511*j + 13350605. Determine w(281).
14
Let v(o) = 1910*o - 202001. What is v(106)?
459
Let l(d) = -20*d**2 + 2191*d - 182. Determine l(110).
-1172
Let z(o) = 7*o**3 - 71*o**2 - 71*o + 818. Give z(10).
8
Let d(m) = -m**3 - 11*m**2 + 162*m - 396. Give d(9).
-558
Let i(y) = y**3 - 49*y**2 - 4271*y + 215128. Calculate i(53).
1
Let w(l) = 2*l**3 - 259*l**2 - 248*l + 14219. Determine w(130).
-1121
Let g(l) = -169704*l + 678826. Determine g(4).
10
Let c(f) = -f**3 + 25*f**2 - 50*f - 17. Give c(13).
1361
Let l(g) = g**3 + 391*g**2 - 20066*g + 15805. What is l(-437)?
73
Let z(o) = o**2 - 604*o - 121085. Determine z(-159).
232
Let b(n) = -2*n**2 + 80448*n + 482759. What is b(-6)?
-1
Let b(s) = 35*s**3 - s**2 + 70*s + 179. Give b(-3).
-985
Let c(l) = -792*l - 9489. Determine c(-12).
15
Let u(d) = -2859*d + 1317991. Give u(461).
-8
Let s(w) = 48691*w - 486923. Give s(10).
-13
Let w(q) = q**3 + 14*q**2 + 8*q + 7. Give w(-9).
340
Let s(x) = -x**2 + 199*x - 9871. What is s(63)?
-1303
Let y(t) = -4346*t + 16518. What is y(4)?
-866
Let l(h) = 19*h**3 - 4*h**2 + 256*h + 1837. Calculate l(-6).
-3947
Let p(y) = 1852*y + 251874. Give p(-136).
2
Let m(q) = -315*q + 66511. Calculate m(212).
-269
Let s(t) = 3476*t + 118347. What is s(-35)?
-3313
Let d(v) = v**3 - 44*v**2 - 271*v - 1418. Give d(50).
32
Let b(u) = 420*u - 108607. Give b(259).
173
Let i(l) = l**2 - 1873*l + 40545. Calculate i(22).
-177
Let x(d) = -202*d + 5413. Calculate x(21).
1171
Let t(r) = r**3 + 164*r**2 + 3440*r + 223038. Determine t(-151).
11
Let l(k) = k**3 + 268*k**2 + 1287*k - 7360. What is l(-263)?
4
Let o(h) = -h**3 - 2*h**2 - 353*h - 1856. Calculate o(-5).
-16
Let t(j) = 4*j**2 + 299*j - 1251. Determine t(-78).
-237
Let a(m) = 27*m**3 - 1054*m**2 + 40*m - 130. What is a(39)?
-91
Let n(v) = 2*v**2 + 134*v - 1863. Give n(-79).
33
Let x(w) = 3*w**3 + 3*w**2 - 16*w - 388. Calculate x(0).
-388
Let g(f) = 10109*f + 50476. Give g(-5).
-69
Let t(d) = -d**3 + 5*d**2 - 59*d + 95. Calculate t(12).
-1621
Let v(w) = 41*w**2 + 831*w - 51582. Calculate v(-47).
-70
Let c(z) = 2*z**2 + 165*z - 12025. Give c(-129).
-28
Let r(y) = 15*y**2 + 646*y - 87. What is r(-42)?
-759
Let p(l) = -14469*l - 1418208. Determine p(-98).
-246
Let b(y) = 7*y**2 + 1074*y + 757. Give b(-154).
1373
Let k(d) = -38584*d + 617349. Give k(16).
5
Let f(a) = 1053*a + 2146. Give f(-2).
40
Let o(l) = -11*l**3 + 1430*l**2 + 29*l - 3653. Calculate o(130).
117
Let d(i) = 7*i**3 - 24*i + 33. Determine d(2).
41
Let b(i) = -i**3 + 50*i**2 + 106*i - 7022. Calculate b(48).
2674
Let p(i) = 7*i**3 - 296*i**2 + 349*i + 838. Calculate p(41).
18
Let j(a) = -2*a**2 - 555*a - 23285. Calculate j(-226).
-7
Let k(i) = -24030*i - 119863. Give k(-5).
287
Let j(b) = -b**3 + 73*b**2 - 1389*b + 88519. Give j(71).
-18
Let o(g) = -5*g**3 + 114*g**2 - 107*g - 2. Determine o(1).
0
Let j(g) = -930*g + 12366. What is j(11)?
2136
Let s(i) = 2*i**2 + 4393*i - 115583. Calculate s(26).
-13
Let n(v) = -11217*v + 89697. Determine n(8).
-39
Let g(t) = -t**3 + 76*t**2 - 1674*t + 22187. Calculate g(52).
35
Let n(c) = -321315*c - 642633. Determine n(-2).
-3
Let k(q) = 84*q**2 + 170*q + 769. Determine k(-5).
2019
Let a(n) = -4*n**3 + 122*n**2 - 160*n - 348. What is a(29)?
58
Let k(b) = -31*b**3 + 4927*b**2 + 317*b + 185. Give k(159).
26
Let n(v) = -14927*v + 180375. Determine n(12).
1251
Let h(j) = -60489*j - 3871292. What is h(-64)?
4
Let f(g) = -g**3 - 34*g**2 - 50*g - 736. Give f(-33).
-175
Let f(p) = p**3 - 68*p**2 + 1042*p + 333. Determine f(44).
-283
Let i(z) = -758*z + 15835. Give i(21).
-83
Let t(i) = -5477*i - 83098. What is t(-15)?
-943
Let w(q) = -217*q - 6100. Determine w(-28).
-24
Let q(m) = -3185*m**2 + 82726*m + 2172. What is q(26)?
-12
Let h(n) = n**3 + n**2 - 1560*n + 9162. Determine h(6).
54
Let m(s) = s**3 + 870*s**2 - 1434*s + 270283. What is m(-872)?
-37
Let l(x) = -8655*x - 155117. Calculate l(-18).
673
Let f(x) = -x**3 + 160*x**2 - 3*x + 479. Calculate f(160).
-1
Let v(o) = -o**2 + 187*o + 6382. Give v(-30).
-128
Let u(a) = -23*a**3 - 1314*a**2 - 211*a - 2320. Calculate u(-57).
-40
Let q(d) = 204994*d - 614981. What is q(3)?
1
Let k(p) = -1162463*p + 6974765. Calculate k(6).
-13
Let d(r) = r**2 + 204*r - 40243. Calculate d(-327).
-22
Let g(p) = 2*p**3 - 1843*p**2 - 452*p - 433335. Give g(922).
5
Let j(r) = -7*r**3 + 145*r**2 - 9*r + 1077. Give j(21).
6
Let d(c) = 619*c - 25457. Give d(42).
541
Let c(n) = n**3 + 258*n**2 - 22960*n - 389. Give c(-328).
-389
Let q(r) = -32*r - 4586. Give q(-103).
-1290
Let p(u) = -u**3 - 67*u**2 - 537*u - 24. What is p(-58)?
846
Let b(y) = -14377*y - 71914. What is b(-5)?
-29
Let s(t) = 13*t**3 - 4*t**2 - 13*t + 94. Determine s(3).
370
Let p(a) = -3*a**2 - 763*a + 8520. Give p(11).
-236
Let y(g) = -21774*g - 195982. Determine y(-9).
-16
Let l(c) = c**3 - 8*c**2 - 1686*c + 10186. Determine l(6).
-2
Let j(x) = 245*x + 2721. What is j(-12)?
-219
Let a(m) = 8*m**3 + 459*m**2 + 6544*m - 799. Give a(-30).
-19
Let k(h) = 32*h**2 + 1954*h + 132. What is k(-61)?
10
Let i(z) = z**3 - 24*z**2 + 60*z - 4165. Give i(26).
-1253
Let v(s) = -s**3 - 586*s**2 + 7178*s + 1201. Calculate v(-598).
5
Let u(t) = 2*t**2 - 8*t - 160. What is u(-23)?
1082
Let q(b) = -280*b - 109355. Determine q(-391).
125
Let c(q) = q**2 - 10*q - 3588. Determine c(65).
-13
Let d(l) = 9714*l - 1719388. Calculate d(177).
-10
Let b(u) = -u**3 + 46*u**2 - 556*u - 205. Give b(21).
-856
Let m(w) = w**3 + 56*w**2 - 2161*w - 115271. What is m(-60)?
-11
Let h(x) = x**3 - 732*x**2 - 4624*x - 1182. Calculate h(-6).
-6
Let t(h) = -27768*h + 18604571. What is t(670)?
11
Let y(s) = -2*s**3 + 25*s**2 + 56*s - 807. Give y(12).
9
Let k(h) = -133*h**2 - 3327*h - 47. Determine k(-25).
3
Let y(n) = -2588895*n - 15533364. What is y(-6)?
6
Let s(y) = 2880*y + 2878. Calculate s(-1).
-2
Let d(z) = 2425*z + 683850. Determine d(-282).
0
Let r(s) = 13*s**3 + 3822*s**2 + 3827*s + 5274. Give r(-293).
0
Let s(j) = 453*j - 1868. Give s(9).
2209
Let a(p) = -7596*p - 9981213. Determine a(-1314).
-69
Let b(w) = -15*w**2 - 903*w + 217. Determine b(-60).
397
Let l(b) = -9481*b - 1109422. Determine l(-117).
-145
Let v(s) = -6277*s + 86935. Give v(14).
-943
Let v(p) = -2342*p + 152719. Determine v(65).
489
Let v(m) = m**3 + 47*m**2 - 62*m - 676. Give v(-48).
-4
Let k(a) = -11*a**3 - 666*a**2 - 8427*a - 38. Calculate k(-18).
16
Let l(j) = 302*j - 33. Determine l(-3).
-939
Let k(s) = 8*s**3 + 199*s**2 - 13*s - 301. What is k(-25)?
-601
Let m(x) = 36*x**3 + 39*x**2 + 17*x + 13. Give m(-1).
-1
Let k(q) = -3*q**2 - 89*q - 188. Determine k(-17).
458
Let f(y) = -471*y - 67333. Give f(-141).
-922
Let c(d) = -5871*d + 99815. Determine c(17).
8
Let m(s) = -s**3 + 117*s**2 - 1255*s + 3458. Determine m(5).
-17
Let w(x) = -2*x**3 - 433*x**2 + 3129*x - 19. Determine w(7).
-19
Let v(c) = -3*c**2 + 93*c + 201. Give v(33).
3
Let t(b) = 448*b - 1011. What is t(6)?
1677
Let j(o) = -o**3 - 26*o**2 - 152*o - 2471. Determine j(-24).
25
Let z(w) = 17757*w - 106507. Give z(6).
35
Let c(p) = -6*p**2 + 11096*p - 11097. Determine c(1).
-7
Let o(j) = -j**3 + 44*j**2 - 202*j + 2. Calculate o(5).
-33
Let l(x) = -11*x**3 + 417*x**2 + 30*x + 730. Give l(38).
426
Let t(a) = -453*a - 1025. What is t(-1)?
-572
Let p(a) = 2*a**2 - 35326*a + 211928. Give p(6).
44
Let s(u) = -3*u**3 + 86*u**2 - 704*u + 1338. What is s(15)?
3
Let w(k) = 40*k + 297. What is w(39)?
1857
Let y(d) = d**2 + 766*d - 40166. What is y(49)?
-231
Let i(y) = 202*y**2 - 19803*y + 791. Give i(98).
105
Let l(g) = -4*g**3 + 9*g**2 + 333*g - 3121. Give l(9).
-2311
Let u(v) = 531*v - 1595. Give u(6).
1591
Let p(r) = 27*r**3 - 126*r**2 - 507*r + 2310. What is p(4)?
-6
Let f(d) = -1873*d - 16857. What is f(-9)?
0
Let r(c) = -c**3 + 103*c**2 + 3869*c - 411082. Determine r(101).
89
Let c(h) = h**3 - 37*h**2 + 71*h - 221. Give c(31).
-3786
Let v(c) = -7*c**3 + 166*c**2 + 30303*c - 89. Determine v(-55).
21
Let x(k)